et o(x) be the third derivative of x**4/24 - 3*x**2. Let z be o(-5). Give v(z).
-8
Suppose 42 + 28 = -10*p. Let o(s) = s**3 + 8*s**2 + 6*s - 9. What is o(p)?
-2
Let o(w) = -w**3 - 5*w**2. Let p = -67 - -39. Let k be p/6 - 2/6. Calculate o(k).
0
Let s(n) = n**3 - 4*n**2 + 2*n - 1. Let z(h) = 3*h**3 + h**2 - h + 1. Let w be z(1). Give s(w).
7
Let y(i) be the second derivative of i**2 - 5*i + 0 - 2/3*i**3. Give y(2).
-6
Let o(r) = r - 2*r**2 + 3*r**2 + 0*r**2. Calculate o(-3).
6
Let k = -5 - -1. Let i(p) = -4*p**2 - 3*p - 4. Let b(n) = 3*n**2 + 2*n + 3. Let y(l) = -3*b(l) - 2*i(l). Let z(g) be the first derivative of y(g). Give z(k).
8
Let o(h) = h**3 - 2*h**2 + h. Suppose -1 - 79 = -5*i. Let q = i + -14. Determine o(q).
2
Let k(v) = 5*v**2 + v - 11. Let r(c) = 4*c**2 - 10. Let y(w) = 5*k(w) - 6*r(w). Let z = -3 - 1. Let j = z - 0. Calculate y(j).
1
Let n be (12/(-1))/(-1*(-6 - -8)). Let c(k) = k**3 - 5*k**2 - 8*k + 5. Determine c(n).
-7
Let d(b) be the third derivative of -b**2 + 1/60*b**5 + 0*b**3 + 0 + 1/24*b**4 + 0*b. Calculate d(1).
2
Suppose 0 = 4*t - 5*t + 5*t. Let j(x) be the third derivative of 1/6*x**3 + 0*x - 1/60*x**5 + t + x**2 - 1/6*x**4. What is j(-3)?
4
Let d(x) = 5*x - 6*x**2 + 6*x - 7*x - x**3 + 4*x + 3. What is d(-7)?
-4
Let n(c) = c**3 + 3*c**2 - 6*c - 1. Let s be n(-4). Let a(y) = y**2 + 7*y - y - s*y - 4. What is a(0)?
-4
Let k(n) = 0 + 11*n - 9*n + 0. Give k(1).
2
Let j(z) be the second derivative of 0*z**2 + 2*z - 1/12*z**4 + 0 - 1/3*z**3. Let f be -2 - (-6 + 6 + 1). Calculate j(f).
-3
Let z(u) = -u**3 + 1 + 3*u - 2*u - 2*u. Let l(v) = -v**2 + 7*v - 1. Let n be l(6). Suppose -4*m + n - 1 = 0. What is z(m)?
-1
Let c(n) = n**3 - 2*n**2 - 4*n + 3. Let p = 5 + -2. Calculate c(p).
0
Let s(g) = g + 6. Suppose -10 = 20*i - 22*i. Give s(i).
11
Let k be (-64)/(-24)*3/2. Let y(o) = -5*o**3 + 5*o**2 + 4*o - 4. Let z(m) = -4*m**3 + 5*m**2 + 3*m - 4. Let i(p) = k*z(p) - 3*y(p). Determine i(5).
-4
Let w(a) = a + 2. Suppose -3*k - 3 - 4 = m, -3*m = -2*k - 23. What is w(k)?
-2
Let n(v) = 7*v + 1. Let a(g) = 13*g + 1. Let r(w) = 6*a(w) - 11*n(w). Calculate r(9).
4
Let c(q) = q**3 - 2*q**2 + 1. Let v be c(2). Let b(m) = -17*m**3 - m**2 + 2*m - 1. Give b(v).
-17
Let f(w) = -w**2 + 3*w + 4. Let o be f(3). Let i = o + -5. Let a(k) = -4*k**3 - k**2 - k. Calculate a(i).
4
Suppose 0 = -3*j - 0*f - 4*f - 4, -3*j - 3*f - 3 = 0. Let m(a) = -4 + j + 0 + a + a. Determine m(6).
8
Suppose y + 3*i - 7 = 0, 0 = -4*y - 3*i + 3 + 7. Let w(o) = -4*o - 2 + o + 7 - y. Calculate w(5).
-11
Suppose -5*r = -5 - 15. Let v(j) = -j**2 + 4*j + 3. Give v(r).
3
Let k(m) = m**2 - 1. Let b(t) = 5*t**2 + t + 1. Let d(p) = b(p) + k(p). Suppose -f = -4*v + 7, -2*f + 12 = 8*v - 3*v. Suppose 0*y + f = -y. Calculate d(y).
5
Suppose 5*h = 2*v + 18, -2*h + v - 4*v = 8. Let w(g) = 1 + g**3 + 3*g**2 - 3 - 4*g**h. Give w(2).
2
Let v = 47 - 45. Let x(f) = -7*f + 2. Determine x(v).
-12
Let m(u) = -22*u - 5. Let r(q) = -9*q - 1. Let p(a) = -a - 1. Let k(z) = -2*p(z) - r(z). Let g(c) = -5*k(c) - 3*m(c). Calculate g(1).
11
Let a(g) = -5*g - 2. Let i(o) = o**2 + 6*o - 2. Let n(f) = 2*f. Suppose -v - 6*l - 9 = -4*l, -2*v - 3 = -l. Let h be n(v). Let x be i(h). What is a(x)?
8
Let z(b) be the third derivative of -b**4/24 - b**3 + 2*b**2. Let l be 1/5 + 2/(-10). Let c be -2 + l - (0 - 2). Determine z(c).
-6
Let y(j) = -5*j**2 - 29*j - 20. Let t(o) = o**2 + 7*o + 5. Let i = 0 - 9. Let l(x) = i*t(x) - 2*y(x). Calculate l(6).
1
Let c(g) = g**2 - 4*g**3 - 3 + g**3 - g**3 + 2. Let s be c(1). Let b(q) = q**3 + 5*q**2 + 5*q + 4. What is b(s)?
0
Let c = -10 + 10. Let y(u) = -2*u**2 - 4*u. Let w(r) = -r**2 - 3*r. Let k(q) = 3*w(q) - 2*y(q). Determine k(c).
0
Let v be (-6)/(-4)*(2 - 0). Let m(d) = -d - v*d + 2*d + 4 - 3. Give m(-1).
3
Let a(y) = -y - 8. Let p be a(-5). Let g(u) be the second derivative of u**4/12 + u**3/6 + 3*u. Give g(p).
6
Let k(b) = -b**2 - b - 1. Let d(l) = -6*l**2 - 3*l - 4. Let u be (-10)/1*2/4. Let a(o) = u*k(o) + d(o). What is a(3)?
-2
Let v(q) = 1 - 5*q + 2*q + 2*q. Suppose 4*d = 2*j + 36, 4*j + j - d = -99. Let b be (12/(-10))/((-6)/j). Determine v(b).
5
Suppose l - 18 = 3*n + 10, -16 = 2*n - 2*l. Let q(j) = -j**3 - 11*j**2 - 9*j + 10. Let m be q(n). Let s(h) = -h**3 - h**2 - 3. Calculate s(m).
-3
Let c(x) be the third derivative of -x**4/8 + x**3/3 - 3*x**2. Determine c(5).
-13
Let a(t) = t - 2. Suppose 5*j = -4*o - 32, -2*o + o = -3*j - 9. Determine a(j).
-6
Suppose 5*b = 2*f - 4 - 1, -6 = -2*f + 4*b. Suppose 0 = -f*d + 6 + 4. Let m(s) = 5 - 2*s**2 + 0*s**2 + d*s - 4*s**2 - s**3. What is m(-6)?
-7
Let k(n) = -6 + n**3 + 0*n**2 - 4*n**2 + 6*n - 2*n**2. Suppose 0*i + 5*i = 20. Let z = i + 1. What is k(z)?
-1
Let y(x) = 2*x**2 - 19*x + 21. Let g be -6 - ((5 - 2) + -4). Let p(d) = -d**2 + 9*d - 10. Let z(k) = g*p(k) - 2*y(k). Calculate z(6).
2
Let c(m) be the first derivative of 1/12*m**5 + 1/12*m**4 + 1/120*m**6 + 1/2*m**2 + 3 + m**3 + 0*m. Let i(n) be the second derivative of c(n). Calculate i(-5).
-4
Let t(f) = -f**3. Let a(w) = -6*w**3 + 7*w**2 - 2*w + 9. Let d(c) = a(c) - 5*t(c). Give d(7).
-5
Let j(m) = 3 - 5*m + 7 + 4*m - 16. Give j(-7).
1
Suppose 0 = -5*q + 4 + 6. Let k(c) = -c**3 + 4*c**3 + 4 - 3*c**2 + q*c - 4*c**3. Calculate k(-4).
12
Let a(g) = 48 - 48 - 10*g. Determine a(-1).
10
Let a(f) = -5 + 3 + 9*f + f**3 - 2*f**3 + 7*f**2 - 3. Let p be a(8). Let d(t) = t**3 - 4*t**2 + 5*t - 2. What is d(p)?
4
Let u(s) be the first derivative of -s**2/2 - 3*s - 1. Suppose 2*n - 5*p = -20, 5*n + 2*p - 12 = -p. What is u(n)?
-3
Let s(p) = p + 4. Let v(x) = -5*x**2 - 3 + x**3 - x**2 - 5*x + x**2. Suppose 0 = -7*r + 11*r - 24. Let g be v(r). Determine s(g).
7
Let m(z) be the second derivative of -z**3/3 + 3*z**2/2 - 2*z. Calculate m(3).
-3
Let s(b) be the second derivative of -b**3/2 - 2*b**2 + 21*b. Determine s(-6).
14
Let z(m) = -m + 4. Suppose -4*b + c + 69 = -10, -4*b = 3*c - 83. Suppose b = -6*h + h. What is z(h)?
8
Let z(a) = 7*a**2 + 9*a - 9. Let s(p) = 15*p**2 + 19*p - 19. Let f(o) = 6*s(o) - 13*z(o). Let i be f(-3). Let c(m) = m**3 - 2*m**2 + m - 3. Determine c(i).
9
Let c(g) = g**3 - 6*g**2 + 5*g + 4. Let d = 1 - -3. Give c(d).
-8
Let i = 2 + -4. Let h be (1/2)/(i/(-8)). Let k(n) be the first derivative of n**3/3 + n**2/2 - n + 6. Determine k(h).
5
Suppose 19 + 2 = 3*k. Let c(f) = f**2 - 8*f + 9. Give c(k).
2
Suppose -2*j = 2*j - 16. Let n(k) = 8*k - 1. Let r(z) be the third derivative of 7*z**4/24 - z**3/6 + 3*z**2. Let y(u) = j*r(u) - 3*n(u). Calculate y(-1).
-5
Let x(a) = -a**2 - 4*a**2 + 3*a**2 + 4*a**2 + 3*a. Let b(q) = q**2 + 2*q. Let v(m) = -11*b(m) + 6*x(m). Determine v(3).
-3
Let o(q) = 3*q**2 - q**3 - 5*q + 2*q - 66 + 0*q**2 + 69. Suppose -3*a + 36 = 3*s, 2*a = 2*s + 6 - 26. Suppose -3*p = 2*t - p + 2, t = 3*p + s. Determine o(t).
1
Let j be (3/3)/(2/4). Let b(w) = -2 + 8 + 2*w**3 - 3*w**3 + 4*w - 4*w**j. Determine b(-5).
11
Let o(d) = -6*d**2 - 8*d. Let g(c) = 5*c**2 + 7*c. Let w(k) = 5*g(k) + 4*o(k). Determine w(-4).
4
Suppose -5*v - 2*n = 35, -3 = 2*v + 3*n + 22. Let r(o) = -7*o**2 + 1 - 8*o**2 + 10*o**2 - o**3. Calculate r(v).
1
Let j(r) = 0*r**2 - 2 + 5*r**2 - 4*r + 3 - 4*r**2. What is j(4)?
1
Suppose 4*m - 4 = -3*x - 25, 3*m - 5*x - 6 = 0. Let n = m + 4. Let q be (n/(1 - 0))/1. Let a(y) = y**2 + y - 1. What is a(q)?
1
Let a(t) = -t**2 - 6*t. Let w be (-1)/((-6)/(-5) + -1). Let h be 0*(-2 - 5/(-2)). Let v = w - h. What is a(v)?
5
Let u(q) = 2*q - 6. Let h be 15/10 - 114/(-4). Suppose -i = 4*i - h. Determine u(i).
6
Suppose 2*g = 5*b - 0*g + 18, -22 = 3*b - 4*g. Let l(q) = -3*q + 1. Calculate l(b).
7
Let h(c) be the second derivative of c**3/2 - c**2 - 22*c. What is h(7)?
19
Suppose -2*r + 2 = -2, -6 = -5*b + 2*r. Let h(c) = 6*c**2 - 2*c**3 + 3*c**3 + 8 - c - b*c - 3*c. What is h(-7)?
1
Let c = -69 - -76. Let z(j) = j**2 - 7*j. Calculate z(c).
0
Suppose -6*z + z = -15. Let y(v) be the first derivative of -v**5/120 + v**4/6 + v**3/3 - 1. Let d(q) be the third derivative of y(q). Determine d(z).
1
Let m(z) = -9*z**2 + 20*z + 14. Let h(p) = -5*p**2 + 10*p + 7. Let w(y) = -11*h(y) + 6*m(y). What is w(-10)?
7
Let t(l) = l**3 - 5*l**2 + 1. Let m be t(5). Let v(k) = k + k**2 + k + m - k. Determine v(-1).
1
Let h(s) be the second derivative of -s**8/6720 - s**